{"id":15508,"date":"2020-11-25T10:35:08","date_gmt":"2020-11-25T10:35:08","guid":{"rendered":"https:\/\/test.caballoregalado.com\/libros-infantiles-de-regalo-para-estas-fiestas\/"},"modified":"2020-12-15T22:20:26","modified_gmt":"2020-12-15T22:20:26","slug":"packs-minillibres-infantils-de-regal-per-aquestas-festas","status":"publish","type":"page","link":"https:\/\/caballoregalado.com\/ca\/packs-minillibres-infantils-de-regal-per-aquestas-festas\/","title":{"rendered":"Packs minillibres infantils de regal per aquestas festas"},"content":{"rendered":"<p>[vc_row][vc_column][vc_column_text]<\/p>\n<h1 class=\"p1\" style=\"text-align: center;\">\u00bfBusques el regal del teu fill per aquestes festes?<\/h1>\n<p>[\/vc_column_text][\/vc_column][\/vc_row][vc_row][vc_column][vc_column_text]<\/p>\n<h2 class=\"p1\" style=\"text-align: center;\"><strong>\u00bfQu\u00e8 prefereixes? \u00bfL\u2019\u00faltim crit de la moda, la nova esperan\u00e7a tecnol\u00f2gica o un minillibre obrecaps?<\/strong><\/h2>\n<p>[\/vc_column_text][\/vc_column][\/vc_row][vc_row et_uniqid=&#8221;et_custom_uniqid_5fd3f259753d5&#8243; css=&#8221;.vc_custom_1607725720487{margin-top: 55px !important;}&#8221;][vc_column et_uniqid=&#8221;et_custom_uniqid_5fd3f342517a4&#8243; css=&#8221;.vc_custom_1607725897047{margin-top: 35px !important;}&#8221;]<div class=\"woocommerce columns-3 \"><\/div>[\/vc_column][\/vc_row][vc_row][vc_column width=&#8221;1\/3&#8243;][vc_column_text css=&#8221;.vc_custom_1608068875883{margin-top: 35px !important;}&#8221;]<\/p>\n<p class=\"p1\">Fem <span style=\"color: #da1c1d;\"><strong>minillibres<\/strong><\/span> per a persones curioses, despertes i apassionades. Ideals per treure al teu fill de tantes aplicacions, pantalles i llumetes de colors.<\/p>\n<p class=\"p1\">I com que sabem que en aquests temps virtuals aix\u00f2 \u00e9s una tasca complexa, hem creat <span style=\"color: #da1c1d;\"><strong>aquests packs<\/strong><\/span> amb els nostres <span style=\"color: #da1c1d;\"><strong>millors t\u00edtols<\/strong><\/span>.<span class=\"Apple-converted-space\"><br \/>\n<\/span><strong><span style=\"color: #da1c1d;\">Llibres petitets<\/span><\/strong> que, com el cavall de Troia, contenen humor, curiositats i molts altres \u201cdetalls t\u00e8cnics\u201d que atraparan la seva atenci\u00f3.<\/p>\n<p class=\"p1\">Els faran concentrar-se <strong><span style=\"color: #da1c1d;\">sense distraccions<\/span><\/strong> i els hi generar\u00e0 aquell estat d\u2019enfoc tan dif\u00edcil d\u2019aconseguir en aquests temps.<\/p>\n<p>[\/vc_column_text][\/vc_column][vc_column width=&#8221;2\/3&#8243; et_uniqid=&#8221;et_custom_uniqid_5fbe906645336&#8243; css=&#8221;.vc_custom_1606324338775{margin-top: 20px !important;margin-bottom: 20px !important;}&#8221;][vc_single_image image=&#8221;15517&#8243; img_size=&#8221;large&#8221; alignment=&#8221;center&#8221;][\/vc_column][\/vc_row][vc_row et_uniqid=&#8221;et_custom_uniqid_5fd3e7ff01810&#8243; css=&#8221;.vc_custom_1607723016058{margin-top: 20px !important;}&#8221;][vc_column][\/vc_column][\/vc_row][vc_row][vc_column et_uniqid=&#8221;et_custom_uniqid_5fd3e8daf3803&#8243; css=&#8221;.vc_custom_1607723235013{margin-top: 32px !important;}&#8221;][vc_column_text]<\/p>\n<h2 class=\"p1\" style=\"text-align: center;\">3 packs, 3 tem\u00e0tiques: <strong>Diversi\u00f3, Curiositats i Contes.<\/strong> Totes igual de bones. I amb un suport de fusta de regal.<\/h2>\n<p>[\/vc_column_text][vc_empty_space][\/vc_column][\/vc_row][vc_row et_uniqid=&#8221;et_custom_uniqid_5fd3e7ff01810&#8243; css=&#8221;.vc_custom_1607723016058{margin-top: 20px !important;}&#8221;][vc_column][\/vc_column][\/vc_row][vc_row et_uniqid=&#8221;et_custom_uniqid_5fd3f03572754&#8243; css=&#8221;.vc_custom_1607725119150{margin-top: 35px !important;}&#8221;][vc_column width=&#8221;1\/3&#8243; et_uniqid=&#8221;et_custom_uniqid_5fd3f1edcfde0&#8243; css=&#8221;.vc_custom_1607725559901{margin-top: 35px !important;}&#8221;][vc_column_text]<\/p>\n<h3 class=\"p1\">Les nostres <span style=\"color: #da1c1d;\"><strong>miniatures<\/strong><\/span> ho s\u00f3n en mida, per\u00f2 no en contingut: cada un dels nostres llibres t\u00e9 300 p\u00e0gines.<\/h3>\n<p class=\"p1\">Mesuren 5 x 6 cm, i per aix\u00f2 <strong><span style=\"color: #da1c1d;\">te\u2019l pots emportat a la butxaca dels pantalons<\/span> <\/strong>(recomanem treure\u2019l abans de ficar-ho a la rentadors&#8230; tenim clients \u201caccidentalment\u201d reincidents).<\/p>\n<p>[\/vc_column_text][\/vc_column][vc_column width=&#8221;2\/3&#8243;][vc_single_image image=&#8221;15520&#8243; img_size=&#8221;large&#8221; alignment=&#8221;center&#8221;][\/vc_column][\/vc_row][vc_row et_uniqid=&#8221;et_custom_uniqid_5fbe913189208&#8243; css=&#8221;.vc_custom_1607725579451{margin-top: 35px !important;margin-bottom: 25px !important;}&#8221;][vc_column width=&#8221;1\/3&#8243;][vc_column_text]<\/p>\n<h3 class=\"p1\"><span style=\"color: #da1c1d;\"><strong>Pack Diversi\u00f3<\/strong><\/span><\/h3>\n<p class=\"p1\">Cont\u00e9 els nostres superventes <strong><span style=\"color: #da1c1d;\">Acudits Infantils<\/span><\/strong>, <span style=\"color: #da1c1d;\"><strong>Endevinalles<\/strong><\/span> i <strong><span style=\"color: #da1c1d;\">Embarbussaments<\/span><\/strong>. Un trio infal\u00b7lible de rialles, reptes, ast\u00facia i bon humor. Acudits de tots els colors, endevinalles desafiadores i embarbussamentsmegasuperarxicomplicats.<\/p>\n<p>[\/vc_column_text][\/vc_column][vc_column width=&#8221;1\/3&#8243;][vc_column_text]<\/p>\n<h3><span style=\"color: #da1c1d;\"><b>Pack Curiositats<\/b> <\/span><\/h3>\n<p class=\"p1\">Segur que el teu cadell es torna una personeta m\u00e9s s\u00e0via i eloq\u00fcent. <span style=\"color: #da1c1d;\"><strong>No hi haur\u00e0 pregunta que no s\u00e0piga contestar<\/strong><\/span> despr\u00e9s de llegir el nostre cat\u00e0leg d\u2019excentricitats de la natura, singularitats de l\u2019espai, origen dels invents i m\u00e9s etc\u00e8teres.<br \/>\nPodr\u00e0 donar c\u00e0tedra desafiant als seus oients amb un \u201csab\u00edeu que cada mes que comen\u00e7a en diumenge t\u00e9 un divendres 13 i cada mes que comen\u00e7a en dijous t\u00e9 un dimarts 13?\u201d.<\/p>\n<p>[\/vc_column_text][\/vc_column][vc_column width=&#8221;1\/3&#8243;][vc_column_text]<\/p>\n<h3><span style=\"color: #da1c1d;\"><b>Pack Minicontes<\/b><\/span><\/h3>\n<p class=\"p1\">Tindr\u00e0 p\u00e0gines assegurades de sorpreses i encanteris de la m\u00e0 dels <span style=\"color: #da1c1d;\"><strong>cl\u00e0ssics<\/strong><\/span>. Aquells que et van llegir en la teva tendra inf\u00e0ncia i que avui et toca explicar <strong><span style=\"color: #da1c1d;\">abans d\u2019anar a dormir<\/span><\/strong>. Ideals per tenir a sobre de la tauleta de nit (al costat del peluix de torn, actuen efica\u00e7ment contra els malsons)<\/p>\n<p>[\/vc_column_text][\/vc_column][\/vc_row][vc_row et_uniqid=&#8221;et_custom_uniqid_5fbe913189208&#8243; css=&#8221;.vc_custom_1606324543579{margin-top: 25px !important;margin-bottom: 25px !important;}&#8221;][vc_column][vc_column_text]<\/p>\n<h3 class=\"p1\" style=\"text-align: center;\"><span style=\"color: #da1c1d;\"><em>Minillibres f\u00e0cils de portar, per treure la por a la sala del dentista, per viatges recurrents per llargues carreteres, o per aquelles eternes tardes de diumenge en les quals ja no se t\u2019acut res m\u00e9s a fer.<\/em><\/span><\/h3>\n<h2 class=\"p1\" style=\"text-align: center;\"><em>Qu\u00e8 millor que compartir una lectura?<\/em><\/h2>\n<p>[\/vc_column_text][\/vc_column][\/vc_row][vc_row][vc_column et_uniqid=&#8221;et_custom_uniqid_5fd3fa0b7b26f&#8221; css=&#8221;.vc_custom_1607727635178{margin-top: 40px !important;}&#8221;][vc_column_text]<\/p>\n<p style=\"font-size: 25px; text-align: left;\">Preguntes freq\u00faentes<\/p>\n<p class=\"p1\"><span style=\"color: #da1c1d;\">Son f\u00e0cils de llegir?<\/span><br \/>\nNo per ser miniatures et deixes la vista en ells. Si llegeixes en el m\u00f2bil, llegeixes els nostres llibres. Que si, que si, que tenen la lletra normaleta.<\/p>\n<p class=\"p1\"><span style=\"color: #da1c1d;\">Es trenquen f\u00e0cilment?<\/span><br \/>\nNo se\u2019ls hi surt ni una p\u00e0gina. Treballem amb el millor pegament del mercat. Cuida\u2019ls com cuides qualsevol altre llibre de tapa tova (encara que no els portis a la butxaca).<\/p>\n<p class=\"p1\"><span style=\"color: #da1c1d;\">Per a quina edat els recomaneu?<\/span><br \/>\nEls contes, per els m\u00e9s petits. S\u00f3n relats breus i estan il\u00b7lustrats. Els dem\u00e9s per a quan arriba aquell moment en el qual la llista d\u2019acudits es repeteix m\u00e9s que l\u2019all, o per a quan et quedes sense resposta davant els continus e insidiosos<i> perqu\u00e8?<\/i><\/p>\n<p class=\"p1\"><span style=\"color: #da1c1d;\">Les despeses d\u2019enviament estan incloses?<\/span><br \/>\nSi, per\u00f2 en compres a partir de 24\u20ac. Des d\u2019aquest import les despeses d\u2019enviament s\u00f3n gratu\u00eftes. Tot amb l\u2019evident intenci\u00f3 de que t\u2019emportis m\u00e9s regals. Tenim minillibres per a totes les edats, per aix\u00f2 quan escullis el teu pack infantil pots explorar altres t\u00edtols per afegir a la teva comanda.<\/p>\n<p class=\"p1\"><span style=\"color: #da1c1d;\">Quan m\u2019arriba la comanda?<\/span><br \/>\nEntre 24 i 72 hores, nom\u00e9s dependr\u00e0 de la teva urg\u00e8ncia. T\u2019avisem de quan surt, no et mengis les ungles.<\/p>\n<p>[\/vc_column_text][\/vc_column][\/vc_row][vc_row][vc_column et_uniqid=&#8221;et_custom_uniqid_5fd3efdeb16e8&#8243; css=&#8221;.vc_custom_1607725031125{margin-top: 35px !important;}&#8221;]<div class=\"woocommerce columns-3 \"><\/div>[\/vc_column][\/vc_row][vc_row][vc_column et_uniqid=&#8221;et_custom_uniqid_5fd3f88a06ec2&#8243; css=&#8221;.vc_custom_1607727248726{margin-top: 35px !important;}&#8221;][vc_column_text]<\/p>\n<h3 class=\"p1\" style=\"text-align: center;\"><em>Doncs aix\u00f2. Aquests s\u00f3n els nostres <span style=\"color: #da1c1d;\">packs<\/span> i nosaltres som <strong><span style=\"color: #da1c1d;\">Caballo Regalado<\/span><\/strong>.<\/em><\/h3>\n<h3 style=\"text-align: center;\"><em><span style=\"text-align: center; font-size: 20px;\"><br \/>\n<\/span><span style=\"text-align: center; font-size: 20px;\">Fem <\/span><span style=\"text-align: center; font-size: 20px;\"><a href=\"https:\/\/caballoregalado.com\/ca\/\">minillibres <\/a><\/span>per les grans persones de dem\u00e0. I per les d\u2019avui.<\/em><\/h3>\n<p>[\/vc_column_text][\/vc_column][\/vc_row][vc_row et_uniqid=&#8221;et_custom_uniqid_5fd3fb50695bf&#8221; css=&#8221;.vc_custom_1607728083211{margin-top: 50px !important;}&#8221;][vc_column et_uniqid=&#8221;et_custom_uniqid_5fd3fa9f239de&#8221; css=&#8221;.vc_custom_1607727781512{margin-top: 40px !important;}&#8221;][vc_column_text css=&#8221;.vc_custom_1607728439441{margin-bottom: 20px !important;}&#8221;]<\/p>\n<h4 style=\"text-align: center;\">Tal vez te pueda interesar&#8230;<\/h4>\n<p>[\/vc_column_text]<div class=\"woocommerce columns-4 \"><\/div>[\/vc_column][\/vc_row]<\/p>\n","protected":false},"excerpt":{"rendered":"<p>[vc_row][vc_column][vc_column_text] \u00bfBusques el regal del teu fill per aquestes festes? [\/vc_column_text][\/vc_column][\/vc_row][vc_row][vc_column][vc_column_text] \u00bfQu\u00e8 prefereixes? \u00bfL\u2019\u00faltim crit de la moda, la nova esperan\u00e7a tecnol\u00f2gica o un minillibre&#8230;<\/p>\n","protected":false},"author":7,"featured_media":0,"parent":0,"menu_order":0,"comment_status":"closed","ping_status":"closed","template":"","meta":{"footnotes":""},"class_list":["post-15508","page","type-page","status-publish","hentry"],"_links":{"self":[{"href":"https:\/\/caballoregalado.com\/ca\/wp-json\/wp\/v2\/pages\/15508","targetHints":{"allow":["GET"]}}],"collection":[{"href":"https:\/\/caballoregalado.com\/ca\/wp-json\/wp\/v2\/pages"}],"about":[{"href":"https:\/\/caballoregalado.com\/ca\/wp-json\/wp\/v2\/types\/page"}],"author":[{"embeddable":true,"href":"https:\/\/caballoregalado.com\/ca\/wp-json\/wp\/v2\/users\/7"}],"replies":[{"embeddable":true,"href":"https:\/\/caballoregalado.com\/ca\/wp-json\/wp\/v2\/comments?post=15508"}],"version-history":[{"count":0,"href":"https:\/\/caballoregalado.com\/ca\/wp-json\/wp\/v2\/pages\/15508\/revisions"}],"wp:attachment":[{"href":"https:\/\/caballoregalado.com\/ca\/wp-json\/wp\/v2\/media?parent=15508"}],"curies":[{"name":"wp","href":"https:\/\/api.w.org\/{rel}","templated":true}]}}

<p>[vc_row][vc_column][vc_column_text]</p>
<h1 class="p1" style="text-align: center;">¿Busques el regal del teu fill per aquestes festes?</h1>
<p>[/vc_column_text][/vc_column][/vc_row][vc_row][vc_column][vc_column_text]</p>
<h2 class="p1" style="text-align: center;"><strong>¿Què prefereixes? ¿L’últim crit de la moda, la nova esperança tecnològica o un minillibre obrecaps?</strong></h2>
<p>[/vc_column_text][/vc_column][/vc_row][vc_row et_uniqid=&#8221;et_custom_uniqid_5fd3f259753d5&#8243; css=&#8221;.vc_custom_1607725720487{margin-top: 55px !important;}&#8221;][vc_column et_uniqid=&#8221;et_custom_uniqid_5fd3f342517a4&#8243; css=&#8221;.vc_custom_1607725897047{margin-top: 35px !important;}&#8221;]<div class="woocommerce columns-3 "></div>[/vc_column][/vc_row][vc_row][vc_column width=&#8221;1/3&#8243;][vc_column_text css=&#8221;.vc_custom_1608068875883{margin-top: 35px !important;}&#8221;]</p>
<p class="p1">Fem <span style="color: #da1c1d;"><strong>minillibres</strong></span> per a persones curioses, despertes i apassionades. Ideals per treure al teu fill de tantes aplicacions, pantalles i llumetes de colors.</p>
<p class="p1">I com que sabem que en aquests temps virtuals això és una tasca complexa, hem creat <span style="color: #da1c1d;"><strong>aquests packs</strong></span> amb els nostres <span style="color: #da1c1d;"><strong>millors títols</strong></span>.<span class="Apple-converted-space"><br />
</span><strong><span style="color: #da1c1d;">Llibres petitets</span></strong> que, com el cavall de Troia, contenen humor, curiositats i molts altres “detalls tècnics” que atraparan la seva atenció.</p>
<p class="p1">Els faran concentrar-se <strong><span style="color: #da1c1d;">sense distraccions</span></strong> i els hi generarà aquell estat d’enfoc tan difícil d’aconseguir en aquests temps.</p>
<p>[/vc_column_text][/vc_column][vc_column width=&#8221;2/3&#8243; et_uniqid=&#8221;et_custom_uniqid_5fbe906645336&#8243; css=&#8221;.vc_custom_1606324338775{margin-top: 20px !important;margin-bottom: 20px !important;}&#8221;][vc_single_image image=&#8221;15517&#8243; img_size=&#8221;large&#8221; alignment=&#8221;center&#8221;][/vc_column][/vc_row][vc_row et_uniqid=&#8221;et_custom_uniqid_5fd3e7ff01810&#8243; css=&#8221;.vc_custom_1607723016058{margin-top: 20px !important;}&#8221;][vc_column][/vc_column][/vc_row][vc_row][vc_column et_uniqid=&#8221;et_custom_uniqid_5fd3e8daf3803&#8243; css=&#8221;.vc_custom_1607723235013{margin-top: 32px !important;}&#8221;][vc_column_text]</p>
<h2 class="p1" style="text-align: center;">3 packs, 3 temàtiques: <strong>Diversió, Curiositats i Contes.</strong> Totes igual de bones. I amb un suport de fusta de regal.</h2>
<p>[/vc_column_text][vc_empty_space][/vc_column][/vc_row][vc_row et_uniqid=&#8221;et_custom_uniqid_5fd3e7ff01810&#8243; css=&#8221;.vc_custom_1607723016058{margin-top: 20px !important;}&#8221;][vc_column][/vc_column][/vc_row][vc_row et_uniqid=&#8221;et_custom_uniqid_5fd3f03572754&#8243; css=&#8221;.vc_custom_1607725119150{margin-top: 35px !important;}&#8221;][vc_column width=&#8221;1/3&#8243; et_uniqid=&#8221;et_custom_uniqid_5fd3f1edcfde0&#8243; css=&#8221;.vc_custom_1607725559901{margin-top: 35px !important;}&#8221;][vc_column_text]</p>
<h3 class="p1">Les nostres <span style="color: #da1c1d;"><strong>miniatures</strong></span> ho són en mida, però no en contingut: cada un dels nostres llibres té 300 pàgines.</h3>
<p class="p1">Mesuren 5 x 6 cm, i per això <strong><span style="color: #da1c1d;">te’l pots emportat a la butxaca dels pantalons</span> </strong>(recomanem treure’l abans de ficar-ho a la rentadors&#8230; tenim clients “accidentalment” reincidents).</p>
<p>[/vc_column_text][/vc_column][vc_column width=&#8221;2/3&#8243;][vc_single_image image=&#8221;15520&#8243; img_size=&#8221;large&#8221; alignment=&#8221;center&#8221;][/vc_column][/vc_row][vc_row et_uniqid=&#8221;et_custom_uniqid_5fbe913189208&#8243; css=&#8221;.vc_custom_1607725579451{margin-top: 35px !important;margin-bottom: 25px !important;}&#8221;][vc_column width=&#8221;1/3&#8243;][vc_column_text]</p>
<h3 class="p1"><span style="color: #da1c1d;"><strong>Pack Diversió</strong></span></h3>
<p class="p1">Conté els nostres superventes <strong><span style="color: #da1c1d;">Acudits Infantils</span></strong>, <span style="color: #da1c1d;"><strong>Endevinalles</strong></span> i <strong><span style="color: #da1c1d;">Embarbussaments</span></strong>. Un trio infal·lible de rialles, reptes, astúcia i bon humor. Acudits de tots els colors, endevinalles desafiadores i embarbussamentsmegasuperarxicomplicats.</p>
<p>[/vc_column_text][/vc_column][vc_column width=&#8221;1/3&#8243;][vc_column_text]</p>
<h3><span style="color: #da1c1d;"><b>Pack Curiositats</b> </span></h3>
<p class="p1">Segur que el teu cadell es torna una personeta més sàvia i eloqüent. <span style="color: #da1c1d;"><strong>No hi haurà pregunta que no sàpiga contestar</strong></span> després de llegir el nostre catàleg d’excentricitats de la natura, singularitats de l’espai, origen dels invents i més etcèteres.<br />
Podrà donar càtedra desafiant als seus oients amb un “sabíeu que cada mes que comença en diumenge té un divendres 13 i cada mes que comença en dijous té un dimarts 13?”.</p>
<p>[/vc_column_text][/vc_column][vc_column width=&#8221;1/3&#8243;][vc_column_text]</p>
<h3><span style="color: #da1c1d;"><b>Pack Minicontes</b></span></h3>
<p class="p1">Tindrà pàgines assegurades de sorpreses i encanteris de la mà dels <span style="color: #da1c1d;"><strong>clàssics</strong></span>. Aquells que et van llegir en la teva tendra infància i que avui et toca explicar <strong><span style="color: #da1c1d;">abans d’anar a dormir</span></strong>. Ideals per tenir a sobre de la tauleta de nit (al costat del peluix de torn, actuen eficaçment contra els malsons)</p>
<p>[/vc_column_text][/vc_column][/vc_row][vc_row et_uniqid=&#8221;et_custom_uniqid_5fbe913189208&#8243; css=&#8221;.vc_custom_1606324543579{margin-top: 25px !important;margin-bottom: 25px !important;}&#8221;][vc_column][vc_column_text]</p>
<h3 class="p1" style="text-align: center;"><span style="color: #da1c1d;"><em>Minillibres fàcils de portar, per treure la por a la sala del dentista, per viatges recurrents per llargues carreteres, o per aquelles eternes tardes de diumenge en les quals ja no se t’acut res més a fer.</em></span></h3>
<h2 class="p1" style="text-align: center;"><em>Què millor que compartir una lectura?</em></h2>
<p>[/vc_column_text][/vc_column][/vc_row][vc_row][vc_column et_uniqid=&#8221;et_custom_uniqid_5fd3fa0b7b26f&#8221; css=&#8221;.vc_custom_1607727635178{margin-top: 40px !important;}&#8221;][vc_column_text]</p>
<p style="font-size: 25px; text-align: left;">Preguntes freqúentes</p>
<p class="p1"><span style="color: #da1c1d;">Son fàcils de llegir?</span><br />
No per ser miniatures et deixes la vista en ells. Si llegeixes en el mòbil, llegeixes els nostres llibres. Que si, que si, que tenen la lletra normaleta.</p>
<p class="p1"><span style="color: #da1c1d;">Es trenquen fàcilment?</span><br />
No se’ls hi surt ni una pàgina. Treballem amb el millor pegament del mercat. Cuida’ls com cuides qualsevol altre llibre de tapa tova (encara que no els portis a la butxaca).</p>
<p class="p1"><span style="color: #da1c1d;">Per a quina edat els recomaneu?</span><br />
Els contes, per els més petits. Són relats breus i estan il·lustrats. Els demés per a quan arriba aquell moment en el qual la llista d’acudits es repeteix més que l’all, o per a quan et quedes sense resposta davant els continus e insidiosos<i> perquè?</i></p>
<p class="p1"><span style="color: #da1c1d;">Les despeses d’enviament estan incloses?</span><br />
Si, però en compres a partir de 24€. Des d’aquest import les despeses d’enviament són gratuïtes. Tot amb l’evident intenció de que t’emportis més regals. Tenim minillibres per a totes les edats, per això quan escullis el teu pack infantil pots explorar altres títols per afegir a la teva comanda.</p>
<p class="p1"><span style="color: #da1c1d;">Quan m’arriba la comanda?</span><br />
Entre 24 i 72 hores, només dependrà de la teva urgència. T’avisem de quan surt, no et mengis les ungles.</p>
<p>[/vc_column_text][/vc_column][/vc_row][vc_row][vc_column et_uniqid=&#8221;et_custom_uniqid_5fd3efdeb16e8&#8243; css=&#8221;.vc_custom_1607725031125{margin-top: 35px !important;}&#8221;]<div class="woocommerce columns-3 "></div>[/vc_column][/vc_row][vc_row][vc_column et_uniqid=&#8221;et_custom_uniqid_5fd3f88a06ec2&#8243; css=&#8221;.vc_custom_1607727248726{margin-top: 35px !important;}&#8221;][vc_column_text]</p>
<h3 class="p1" style="text-align: center;"><em>Doncs això. Aquests són els nostres <span style="color: #da1c1d;">packs</span> i nosaltres som <strong><span style="color: #da1c1d;">Caballo Regalado</span></strong>.</em></h3>
<h3 style="text-align: center;"><em><span style="text-align: center; font-size: 20px;"><br />
</span><span style="text-align: center; font-size: 20px;">Fem </span><span style="text-align: center; font-size: 20px;"><a href="https://caballoregalado.com/ca/">minillibres </a></span>per les grans persones de demà. I per les d’avui.</em></h3>
<p>[/vc_column_text][/vc_column][/vc_row][vc_row et_uniqid=&#8221;et_custom_uniqid_5fd3fb50695bf&#8221; css=&#8221;.vc_custom_1607728083211{margin-top: 50px !important;}&#8221;][vc_column et_uniqid=&#8221;et_custom_uniqid_5fd3fa9f239de&#8221; css=&#8221;.vc_custom_1607727781512{margin-top: 40px !important;}&#8221;][vc_column_text css=&#8221;.vc_custom_1607728439441{margin-bottom: 20px !important;}&#8221;]</p>
<h4 style="text-align: center;">Tal vez te pueda interesar&#8230;</h4>
<p>[/vc_column_text]<div class="woocommerce columns-4 "></div>[/vc_column][/vc_row]</p>

<p>[vc_row][vc_column][vc_column_text] ¿Busques el regal del teu fill per aquestes festes? [/vc_column_text][/vc_column][/vc_row][vc_row][vc_column][vc_column_text] ¿Què prefereixes? ¿L’últim crit de la moda, la nova esperança tecnològica o un minillibre&#8230;</p>
