{"id":6606,"date":"2018-06-20T08:23:38","date_gmt":"2018-06-20T08:23:38","guid":{"rendered":"https:\/\/test.caballoregalado.com\/qui-som\/"},"modified":"2025-01-24T16:46:27","modified_gmt":"2025-01-24T16:46:27","slug":"qui-som","status":"publish","type":"page","link":"https:\/\/caballoregalado.com\/ca\/qui-som\/","title":{"rendered":"La nostra hist\u00f2ria"},"content":{"rendered":"\t\t<div data-elementor-type=\"wp-page\" data-elementor-id=\"6606\" class=\"elementor elementor-6606 elementor-6554\" data-elementor-post-type=\"page\">\n\t\t\t\t<div class=\"elementor-element elementor-element-492211f e-flex e-con-boxed e-con e-parent\" data-id=\"492211f\" data-element_type=\"container\" data-e-type=\"container\">\n\t\t\t\t\t<div class=\"e-con-inner\">\n\t\t\t\t<div class=\"elementor-element elementor-element-1beecfb elementor-align-center elementor-invisible elementor-widget elementor-widget-etheme_advanced_headline\" data-id=\"1beecfb\" data-element_type=\"widget\" data-e-type=\"widget\" data-settings=\"{&quot;_animation&quot;:&quot;fadeIn&quot;,&quot;_animation_mobile&quot;:&quot;none&quot;}\" data-widget_type=\"etheme_advanced_headline.default\">\n\t\t\t\t<div class=\"elementor-widget-container\">\n\t\t\t\t\t        \r\n        <div class=\"etheme-a-h-wrapper etheme-a-h-line-under\">\r\n        \r\n            <div class=\"etheme-advanced-headline-heading-wrapper\">\r\n        <h2 class=\"etheme-advanced-headline\">\r\n\r\n            Editorial de minillibres\r\n        <\/h2>\r\n\t\t\r\n            <div class=\"etheme-advanced-headline-divider\"><\/div><\/div>        \r\n        <\/div>\r\n        \r\n\t\t\t\t\t\t<\/div>\n\t\t\t\t<\/div>\n\t\t<div class=\"elementor-element elementor-element-935ecd8 e-con-full e-flex e-con e-child\" data-id=\"935ecd8\" data-element_type=\"container\" data-e-type=\"container\">\n\t\t<div class=\"elementor-element elementor-element-c376169 e-con-full e-flex e-con e-child\" data-id=\"c376169\" data-element_type=\"container\" data-e-type=\"container\">\n\t\t\t\t<div class=\"elementor-element elementor-element-9e89579 elementor-widget elementor-widget-image\" data-id=\"9e89579\" data-element_type=\"widget\" data-e-type=\"widget\" data-widget_type=\"image.default\">\n\t\t\t\t<div class=\"elementor-widget-container\">\n\t\t\t\t\t\t\t\t\t\t\t\t\t\t\t<img fetchpriority=\"high\" decoding=\"async\" width=\"400\" height=\"400\" src=\"https:\/\/caballoregalado.com\/wp-content\/uploads\/xstore\/xstore-placeholder-100x100.png\" class=\"attachment-large size-large wp-image-17868 lazyload lazyload-simple et-lazyload-fadeIn\" alt=\"\" sizes=\"(max-width: 400px) 100vw, 400px\" data-src=\"https:\/\/caballoregalado.com\/wp-content\/uploads\/2025\/01\/FOTO_DAMIAN.jpg\" data-srcset=\"https:\/\/caballoregalado.com\/wp-content\/uploads\/2025\/01\/FOTO_DAMIAN.jpg 400w, https:\/\/caballoregalado.com\/wp-content\/uploads\/2025\/01\/FOTO_DAMIAN-300x300.jpg 300w, https:\/\/caballoregalado.com\/wp-content\/uploads\/2025\/01\/FOTO_DAMIAN-100x100.jpg 100w, https:\/\/caballoregalado.com\/wp-content\/uploads\/2025\/01\/FOTO_DAMIAN-150x150.jpg 150w, https:\/\/caballoregalado.com\/wp-content\/uploads\/2025\/01\/FOTO_DAMIAN-1x1.jpg 1w, https:\/\/caballoregalado.com\/wp-content\/uploads\/2025\/01\/FOTO_DAMIAN-10x10.jpg 10w\" \/>\t\t\t\t\t\t\t\t\t\t\t\t\t\t\t<\/div>\n\t\t\t\t<\/div>\n\t\t\t\t<\/div>\n\t\t<div class=\"elementor-element elementor-element-ac3a45e e-con-full e-flex e-con e-child\" data-id=\"ac3a45e\" data-element_type=\"container\" data-e-type=\"container\">\n\t\t\t\t<div class=\"elementor-element elementor-element-2ce40e3 elementor-widget elementor-widget-text-editor\" data-id=\"2ce40e3\" data-element_type=\"widget\" data-e-type=\"widget\" data-widget_type=\"text-editor.default\">\n\t\t\t\t<div class=\"elementor-widget-container\">\n\t\t\t\t\t\t\t\t\t<p>S\u00ed, jo s\u00f3c de llibres, per\u00f2 no de best-sellers d\u2019un sol \u00fas. Ni de les grans editorials que venen els seus productes junt amb el pa al supermercat.<\/p><p>Em dic Dami\u00e1n Dichi i des del 2018 tinc una editorial que es diu Caballo Regalado, per\u00f2 abans vaig rec\u00f3rrer quil\u00f2metres i quil\u00f2metres venent minillibres. Pot ser m\u2019has vist alguna vegada \u00a0al teu poble o a la teva ciutat.<\/p><p>Quant m\u00e9s passen els anys m\u00e9s clara em queda una cosa que, tot i que soni a t\u00f2pic, no deixa de perdre valor: nom\u00e9s ens emportem les experi\u00e8ncies.<\/p><p>Els llibres es presten, es perden en les mudances, en els viatges. S\u00f3n objectes. No formen part de tu. El que et donen (i aix\u00f2 s\u00ed que es queda per sempre mai amb tu) \u00e9s aquell moment de \u201cEureka!\u201d, de descobrir alguna cosa nova. \u00c9s aquella xerrada de connexi\u00f3 total amb alg\u00fa especial en la qual vau comentar un bon t\u00edtol. Aquell conte que el teu fill escolta amb els ulls brillants i demanant que no acabi mai. Aquells moments que regalem quan regalem un llibre.<\/p><p>Per aix\u00f2 faig minillibres. En petit format. L\u2019aut\u00e8ntic \u201cllibre de butxaca\u201d.<\/p><p>S\u00f3n com perles enmig de l\u2019oce\u00e0 d\u2019informaci\u00f3. Detalls que caben al palmell de la m\u00e0.<\/p><p>Vull que puguis gaudir amb l\u2019humor, generar un espai per a la lectura en fam\u00edlia o que simplement tinguis amb tu les paraules que et recordin el cam\u00ed del creixement personal. Aqu\u00ed no fem estudi de mercat ni inversions en publicitat.<\/p><p>Caballo Regalado \u00e9s un projecte personal, una f\u00e0brica d\u2019idees que creix amb l\u2019aportament de la xarxa de col\u00b7laboradors i clients c\u00f2mplices que comparteixen les seves idees per a les noves edicions.<\/p><p>Et convido a que et subscriguis al nostre newsletter perqu\u00e8 estiguis al dia de les novetats de la editorial i, entre endevinalles, poemes, contes, receptes i m\u00e9s, trobis el teu regal ideal.<\/p><p>Gr\u00e0cies per llegir!<\/p>\t\t\t\t\t\t\t\t<\/div>\n\t\t\t\t<\/div>\n\t\t\t\t<\/div>\n\t\t\t\t<\/div>\n\t\t\t\t\t<\/div>\n\t\t\t\t<\/div>\n\t\t\t\t<\/div>\n\t\t","protected":false},"excerpt":{"rendered":"<p>Editorial de minillibres S\u00ed, jo s\u00f3c de llibres, per\u00f2 no de best-sellers d\u2019un sol \u00fas. Ni de les grans editorials que venen els seus productes&#8230;<\/p>\n","protected":false},"author":7,"featured_media":0,"parent":0,"menu_order":0,"comment_status":"closed","ping_status":"closed","template":"elementor_header_footer","meta":{"footnotes":""},"class_list":["post-6606","page","type-page","status-publish","hentry"],"_links":{"self":[{"href":"https:\/\/caballoregalado.com\/ca\/wp-json\/wp\/v2\/pages\/6606","targetHints":{"allow":["GET"]}}],"collection":[{"href":"https:\/\/caballoregalado.com\/ca\/wp-json\/wp\/v2\/pages"}],"about":[{"href":"https:\/\/caballoregalado.com\/ca\/wp-json\/wp\/v2\/types\/page"}],"author":[{"embeddable":true,"href":"https:\/\/caballoregalado.com\/ca\/wp-json\/wp\/v2\/users\/7"}],"replies":[{"embeddable":true,"href":"https:\/\/caballoregalado.com\/ca\/wp-json\/wp\/v2\/comments?post=6606"}],"version-history":[{"count":0,"href":"https:\/\/caballoregalado.com\/ca\/wp-json\/wp\/v2\/pages\/6606\/revisions"}],"wp:attachment":[{"href":"https:\/\/caballoregalado.com\/ca\/wp-json\/wp\/v2\/media?parent=6606"}],"curies":[{"name":"wp","href":"https:\/\/api.w.org\/{rel}","templated":true}]}}

La nostra història

<div data-elementor-type="wp-page" data-elementor-id="6606" class="elementor elementor-6606 elementor-6554" data-elementor-post-type="page">
				<div class="elementor-element elementor-element-492211f e-flex e-con-boxed e-con e-parent" data-id="492211f" data-element_type="container" data-e-type="container">
					<div class="e-con-inner">
				<div class="elementor-element elementor-element-1beecfb elementor-align-center elementor-invisible elementor-widget elementor-widget-etheme_advanced_headline" data-id="1beecfb" data-element_type="widget" data-e-type="widget" data-settings="{&quot;_animation&quot;:&quot;fadeIn&quot;,&quot;_animation_mobile&quot;:&quot;none&quot;}" data-widget_type="etheme_advanced_headline.default">
				<div class="elementor-widget-container">
					        
        <div class="etheme-a-h-wrapper etheme-a-h-line-under">
        
            <div class="etheme-advanced-headline-heading-wrapper">
        <h2 class="etheme-advanced-headline">

            Editorial de minillibres
        </h2>
		
            <div class="etheme-advanced-headline-divider"></div></div>        
        </div>
        
						</div>
				</div>
		<div class="elementor-element elementor-element-935ecd8 e-con-full e-flex e-con e-child" data-id="935ecd8" data-element_type="container" data-e-type="container">
		<div class="elementor-element elementor-element-c376169 e-con-full e-flex e-con e-child" data-id="c376169" data-element_type="container" data-e-type="container">
				<div class="elementor-element elementor-element-9e89579 elementor-widget elementor-widget-image" data-id="9e89579" data-element_type="widget" data-e-type="widget" data-widget_type="image.default">
				<div class="elementor-widget-container">
															<img fetchpriority="high" decoding="async" width="400" height="400" src="https://caballoregalado.com/wp-content/uploads/xstore/xstore-placeholder-100x100.png" class="attachment-large size-large wp-image-17868 lazyload lazyload-simple et-lazyload-fadeIn" alt="" sizes="(max-width: 400px) 100vw, 400px" data-src="https://caballoregalado.com/wp-content/uploads/2025/01/FOTO_DAMIAN.jpg" data-srcset="https://caballoregalado.com/wp-content/uploads/2025/01/FOTO_DAMIAN.jpg 400w, https://caballoregalado.com/wp-content/uploads/2025/01/FOTO_DAMIAN-300x300.jpg 300w, https://caballoregalado.com/wp-content/uploads/2025/01/FOTO_DAMIAN-100x100.jpg 100w, https://caballoregalado.com/wp-content/uploads/2025/01/FOTO_DAMIAN-150x150.jpg 150w, https://caballoregalado.com/wp-content/uploads/2025/01/FOTO_DAMIAN-1x1.jpg 1w, https://caballoregalado.com/wp-content/uploads/2025/01/FOTO_DAMIAN-10x10.jpg 10w" />															</div>
				</div>
				</div>
		<div class="elementor-element elementor-element-ac3a45e e-con-full e-flex e-con e-child" data-id="ac3a45e" data-element_type="container" data-e-type="container">
				<div class="elementor-element elementor-element-2ce40e3 elementor-widget elementor-widget-text-editor" data-id="2ce40e3" data-element_type="widget" data-e-type="widget" data-widget_type="text-editor.default">
				<div class="elementor-widget-container">
									<p>Sí, jo sóc de llibres, però no de best-sellers d’un sol ús. Ni de les grans editorials que venen els seus productes junt amb el pa al supermercat.</p><p>Em dic Damián Dichi i des del 2018 tinc una editorial que es diu Caballo Regalado, però abans vaig recórrer quilòmetres i quilòmetres venent minillibres. Pot ser m’has vist alguna vegada  al teu poble o a la teva ciutat.</p><p>Quant més passen els anys més clara em queda una cosa que, tot i que soni a tòpic, no deixa de perdre valor: només ens emportem les experiències.</p><p>Els llibres es presten, es perden en les mudances, en els viatges. Són objectes. No formen part de tu. El que et donen (i això sí que es queda per sempre mai amb tu) és aquell moment de “Eureka!”, de descobrir alguna cosa nova. És aquella xerrada de connexió total amb algú especial en la qual vau comentar un bon títol. Aquell conte que el teu fill escolta amb els ulls brillants i demanant que no acabi mai. Aquells moments que regalem quan regalem un llibre.</p><p>Per això faig minillibres. En petit format. L’autèntic “llibre de butxaca”.</p><p>Són com perles enmig de l’oceà d’informació. Detalls que caben al palmell de la mà.</p><p>Vull que puguis gaudir amb l’humor, generar un espai per a la lectura en família o que simplement tinguis amb tu les paraules que et recordin el camí del creixement personal. Aquí no fem estudi de mercat ni inversions en publicitat.</p><p>Caballo Regalado és un projecte personal, una fàbrica d’idees que creix amb l’aportament de la xarxa de col·laboradors i clients còmplices que comparteixen les seves idees per a les noves edicions.</p><p>Et convido a que et subscriguis al nostre newsletter perquè estiguis al dia de les novetats de la editorial i, entre endevinalles, poemes, contes, receptes i més, trobis el teu regal ideal.</p><p>Gràcies per llegir!</p>								</div>
				</div>
				</div>
				</div>
					</div>
				</div>
				</div>

<p>Editorial de minillibres Sí, jo sóc de llibres, però no de best-sellers d’un sol ús. Ni de les grans editorials que venen els seus productes&#8230;</p>
