{"id":15673,"date":"2021-04-14T22:03:02","date_gmt":"2021-04-14T22:03:02","guid":{"rendered":"https:\/\/test.caballoregalado.com\/?post_type=product&#038;p=15673"},"modified":"2026-04-22T22:25:57","modified_gmt":"2026-04-22T22:25:57","slug":"minillibre-sant-jordi-i-altres-contes","status":"publish","type":"product","link":"https:\/\/caballoregalado.com\/ca\/ca-producto\/minillibre-sant-jordi-i-altres-contes\/","title":{"rendered":"Minillibre Sant Jordi i altres contes"},"content":{"rendered":"<p lang=\"es-ES\"><span lang=\"ca-ES\">En el nostre minillibre <\/span><span lang=\"ca-ES\"><i>Sant Jordi i altres contes <\/i><\/span><span lang=\"ca-ES\">t&#8217;esperen -entre d&#8217;altres personatges- princeses, dragons i valents cavallers. Un gegant que utilitza un pi com a bast\u00f3, cargols que semblen castanyes, un fam\u00e8lic monstre vegetari\u00e0 y un petit\u00edssim nen dins un bou.<br \/>\nUna selecci\u00f3 dels contes m\u00e9s representatius de la cultura catalana amb lletra gran, dibuixos magistrals i una mida ideal per a les mans dels m\u00e9s petits.<br \/>\nHi havia una vegada un drac&#8230;<\/span><\/p>\n<p>6 cm x 5 cm<br \/>\n300 p\u00e0gines<br \/>\nTapa tova<\/p>\n","protected":false},"excerpt":{"rendered":"<p lang=\"es-ES\"><span lang=\"ca-ES\">En aquest minillibre, Sant Jordi no es queda sol intentant rescatar a la princesa. Deu contes tradicionals catalans junts -per\u00f2 no remenats- per emportar-te&#8217;ls de passeig a la butxaca.<br \/>\n\u00a1Que comenci l&#8217;aventura!<\/span><\/p>\n","protected":false},"featured_media":15635,"comment_status":"closed","ping_status":"closed","template":"","meta":[],"etheme_brands":[],"product_brand":[],"product_cat":[],"product_tag":[],"class_list":{"0":"post-15673","1":"product","2":"type-product","3":"status-publish","4":"has-post-thumbnail","7":"first","8":"instock","9":"taxable","10":"shipping-taxable","11":"purchasable","12":"product-type-simple"},"_links":{"self":[{"href":"https:\/\/caballoregalado.com\/ca\/wp-json\/wp\/v2\/product\/15673","targetHints":{"allow":["GET"]}}],"collection":[{"href":"https:\/\/caballoregalado.com\/ca\/wp-json\/wp\/v2\/product"}],"about":[{"href":"https:\/\/caballoregalado.com\/ca\/wp-json\/wp\/v2\/types\/product"}],"replies":[{"embeddable":true,"href":"https:\/\/caballoregalado.com\/ca\/wp-json\/wp\/v2\/comments?post=15673"}],"version-history":[{"count":0,"href":"https:\/\/caballoregalado.com\/ca\/wp-json\/wp\/v2\/product\/15673\/revisions"}],"wp:featuredmedia":[{"embeddable":true,"href":"https:\/\/caballoregalado.com\/ca\/wp-json\/wp\/v2\/media\/15635"}],"wp:attachment":[{"href":"https:\/\/caballoregalado.com\/ca\/wp-json\/wp\/v2\/media?parent=15673"}],"wp:term":[{"taxonomy":"brand","embeddable":true,"href":"https:\/\/caballoregalado.com\/ca\/wp-json\/wp\/v2\/etheme_brands?post=15673"},{"taxonomy":"product_brand","embeddable":true,"href":"https:\/\/caballoregalado.com\/ca\/wp-json\/wp\/v2\/product_brand?post=15673"},{"taxonomy":"product_cat","embeddable":true,"href":"https:\/\/caballoregalado.com\/ca\/wp-json\/wp\/v2\/product_cat?post=15673"},{"taxonomy":"product_tag","embeddable":true,"href":"https:\/\/caballoregalado.com\/ca\/wp-json\/wp\/v2\/product_tag?post=15673"}],"curies":[{"name":"wp","href":"https:\/\/api.w.org\/{rel}","templated":true}]}}

<p lang="es-ES"><span lang="ca-ES">En el nostre minillibre </span><span lang="ca-ES"><i>Sant Jordi i altres contes </i></span><span lang="ca-ES">t&#8217;esperen -entre d&#8217;altres personatges- princeses, dragons i valents cavallers. Un gegant que utilitza un pi com a bastó, cargols que semblen castanyes, un famèlic monstre vegetarià y un petitíssim nen dins un bou.<br />
Una selecció dels contes més representatius de la cultura catalana amb lletra gran, dibuixos magistrals i una mida ideal per a les mans dels més petits.<br />
Hi havia una vegada un drac&#8230;</span></p>
<p>6 cm x 5 cm<br />
300 pàgines<br />
Tapa tova</p>

<p lang="es-ES"><span lang="ca-ES">En aquest minillibre, Sant Jordi no es queda sol intentant rescatar a la princesa. Deu contes tradicionals catalans junts -però no remenats- per emportar-te&#8217;ls de passeig a la butxaca.<br />
¡Que comenci l&#8217;aventura!</span></p>
