{"id":15679,"date":"2021-04-14T22:28:43","date_gmt":"2021-04-14T22:28:43","guid":{"rendered":"https:\/\/test.caballoregalado.com\/?post_type=product&#038;p=15679"},"modified":"2026-04-22T22:26:01","modified_gmt":"2026-04-22T22:26:01","slug":"minillibre-haikus-poemes-del-japo","status":"publish","type":"product","link":"https:\/\/caballoregalado.com\/ca\/ca-producto\/minillibre-haikus-poemes-del-japo\/","title":{"rendered":"Minillibre Haikus -Poemes del Jap\u00f3-"},"content":{"rendered":"<p><span style=\"color: #555555;\"><span style=\"font-family: Lato, serif;\"><span style=\"font-size: medium;\"><span lang=\"ca-ES\">El minillibre Haikus -Poemes del Jap\u00f3- ens porta una selecci\u00f3 dels poetes m\u00e9s reconeguts del g\u00e8nere. Amb tres simples versos sense rima, Matsuo Basho, Yosa Buson y Kobayashi Issa entre d\u2019altres, deixen escrit el profund llegat dels grans haikistes.<br \/>\nL\u2019origen d\u2019aquest particular g\u00e8nere el trobem en les religions de l\u2019antiga Xina, on el budisme, el confucianisme i el taoisme van ensenyar amb profunditat l\u2019ess\u00e8ncia de l\u2019home i el seu entorn.<br \/>\nPer\u00f2 no va ser fins al segle XVI que es van popularitzar aquests poemes, a trav\u00e9s del mestre Bash\u00f6.<br \/>\nAdmira en el nostre minillibre Haikus com condensar la bellesa amb una simple pinzellada.<\/span><\/span><\/span><\/span><\/p>\n<p>Tapa tova<br \/>\n6 cm x 5 cm<br \/>\n300 p\u00e0gines<\/p>\n","protected":false},"excerpt":{"rendered":"<p><span lang=\"ca-ES\">El minillibre Haikus -Poemes del Jap\u00f3-, per a \u00e0nimes sensibles en busca de quietud.<br \/>\nUna fulla de tardor, un riu que sona, la primavera despertant amb lentitud.<br \/>\nUna imatge de la natura pot evocar la contemplaci\u00f3.<br \/>\nPoemes breus que condensen en tres frases tot un univers.<\/span><\/p>\n","protected":false},"featured_media":15632,"comment_status":"closed","ping_status":"closed","template":"","meta":[],"etheme_brands":[],"product_brand":[],"product_cat":[],"product_tag":[],"class_list":{"0":"post-15679","1":"product","2":"type-product","3":"status-publish","4":"has-post-thumbnail","7":"first","8":"instock","9":"taxable","10":"shipping-taxable","11":"purchasable","12":"product-type-simple"},"_links":{"self":[{"href":"https:\/\/caballoregalado.com\/ca\/wp-json\/wp\/v2\/product\/15679","targetHints":{"allow":["GET"]}}],"collection":[{"href":"https:\/\/caballoregalado.com\/ca\/wp-json\/wp\/v2\/product"}],"about":[{"href":"https:\/\/caballoregalado.com\/ca\/wp-json\/wp\/v2\/types\/product"}],"replies":[{"embeddable":true,"href":"https:\/\/caballoregalado.com\/ca\/wp-json\/wp\/v2\/comments?post=15679"}],"version-history":[{"count":0,"href":"https:\/\/caballoregalado.com\/ca\/wp-json\/wp\/v2\/product\/15679\/revisions"}],"wp:featuredmedia":[{"embeddable":true,"href":"https:\/\/caballoregalado.com\/ca\/wp-json\/wp\/v2\/media\/15632"}],"wp:attachment":[{"href":"https:\/\/caballoregalado.com\/ca\/wp-json\/wp\/v2\/media?parent=15679"}],"wp:term":[{"taxonomy":"brand","embeddable":true,"href":"https:\/\/caballoregalado.com\/ca\/wp-json\/wp\/v2\/etheme_brands?post=15679"},{"taxonomy":"product_brand","embeddable":true,"href":"https:\/\/caballoregalado.com\/ca\/wp-json\/wp\/v2\/product_brand?post=15679"},{"taxonomy":"product_cat","embeddable":true,"href":"https:\/\/caballoregalado.com\/ca\/wp-json\/wp\/v2\/product_cat?post=15679"},{"taxonomy":"product_tag","embeddable":true,"href":"https:\/\/caballoregalado.com\/ca\/wp-json\/wp\/v2\/product_tag?post=15679"}],"curies":[{"name":"wp","href":"https:\/\/api.w.org\/{rel}","templated":true}]}}

Minillibre Haikus -Poemes del Japó-

<p><span style="color: #555555;"><span style="font-family: Lato, serif;"><span style="font-size: medium;"><span lang="ca-ES">El minillibre Haikus -Poemes del Japó- ens porta una selecció dels poetes més reconeguts del gènere. Amb tres simples versos sense rima, Matsuo Basho, Yosa Buson y Kobayashi Issa entre d’altres, deixen escrit el profund llegat dels grans haikistes.<br />
L’origen d’aquest particular gènere el trobem en les religions de l’antiga Xina, on el budisme, el confucianisme i el taoisme van ensenyar amb profunditat l’essència de l’home i el seu entorn.<br />
Però no va ser fins al segle XVI que es van popularitzar aquests poemes, a través del mestre Bashö.<br />
Admira en el nostre minillibre Haikus com condensar la bellesa amb una simple pinzellada.</span></span></span></span></p>
<p>Tapa tova<br />
6 cm x 5 cm<br />
300 pàgines</p>

<p><span lang="ca-ES">El minillibre Haikus -Poemes del Japó-, per a ànimes sensibles en busca de quietud.<br />
Una fulla de tardor, un riu que sona, la primavera despertant amb lentitud.<br />
Una imatge de la natura pot evocar la contemplació.<br />
Poemes breus que condensen en tres frases tot un univers.</span></p>
