{"id":7533,"date":"2019-01-25T23:11:43","date_gmt":"2019-01-25T23:11:43","guid":{"rendered":"https:\/\/test.caballoregalado.com\/?post_type=product&#038;p=7533"},"modified":"2026-04-22T22:25:33","modified_gmt":"2026-04-22T22:25:33","slug":"eureka-2","status":"publish","type":"product","link":"https:\/\/caballoregalado.com\/ca\/ca-producto\/eureka-2\/","title":{"rendered":"Minillibre Eureka!"},"content":{"rendered":"<p><span style=\"color: #000000;\"><span style=\"font-size: medium;\">No \u00e9s una exclamaci\u00f3 qualsevol. Arqu\u00edmedes va voler dir \u201c\u00a1ho he descobert!\u201d (\u00e9s clar que ell ho va dir en grec).<br \/>\nI aix\u00ed es van anar succeint les sorpreses en la hist\u00f2ria de la humanitat gr\u00e0cies a persones com en Nikola Tesla, en Cop\u00e8rnic o en Leonardo da Vinci.<br \/>\nSi vols con\u00e8ixer els seus llegats i les seves extravag\u00e0ncies, et convidem a que llegeixis part de la hist\u00f2ria dels invents i la seva cronologia \u00e8poca per \u00e8poca, fins arribar als nostres dies.<br \/>\nY potser, ben inspirat, pots continuar creant i sorprenent a la humanitat.<\/span><\/span><\/p>\n<p>6 cm x 5 cm<br \/>\n300 p\u00e0gines<br \/>\nTapa tova<\/p>\n","protected":false},"excerpt":{"rendered":"<p><span style=\"color: #000000;\"><span style=\"font-size: medium;\">A trav\u00e9s de biografies i il\u00b7lustracions, et presentem una breu cronologia d\u2019importants inventors i els seus invents.<br \/>\nQu\u00e8 hagu\u00e9s estat de la humanitat si la primera roda no s\u2019hagu\u00e9s posat a c\u00f3rrer? <\/span><\/span><\/p>\n","protected":false},"featured_media":7534,"comment_status":"open","ping_status":"closed","template":"","meta":[],"etheme_brands":[],"product_brand":[],"product_cat":[],"product_tag":[],"class_list":{"0":"post-7533","1":"product","2":"type-product","3":"status-publish","4":"has-post-thumbnail","7":"first","8":"instock","9":"taxable","10":"shipping-taxable","11":"purchasable","12":"product-type-simple"},"_links":{"self":[{"href":"https:\/\/caballoregalado.com\/ca\/wp-json\/wp\/v2\/product\/7533","targetHints":{"allow":["GET"]}}],"collection":[{"href":"https:\/\/caballoregalado.com\/ca\/wp-json\/wp\/v2\/product"}],"about":[{"href":"https:\/\/caballoregalado.com\/ca\/wp-json\/wp\/v2\/types\/product"}],"replies":[{"embeddable":true,"href":"https:\/\/caballoregalado.com\/ca\/wp-json\/wp\/v2\/comments?post=7533"}],"version-history":[{"count":0,"href":"https:\/\/caballoregalado.com\/ca\/wp-json\/wp\/v2\/product\/7533\/revisions"}],"wp:featuredmedia":[{"embeddable":true,"href":"https:\/\/caballoregalado.com\/ca\/wp-json\/wp\/v2\/media\/7534"}],"wp:attachment":[{"href":"https:\/\/caballoregalado.com\/ca\/wp-json\/wp\/v2\/media?parent=7533"}],"wp:term":[{"taxonomy":"brand","embeddable":true,"href":"https:\/\/caballoregalado.com\/ca\/wp-json\/wp\/v2\/etheme_brands?post=7533"},{"taxonomy":"product_brand","embeddable":true,"href":"https:\/\/caballoregalado.com\/ca\/wp-json\/wp\/v2\/product_brand?post=7533"},{"taxonomy":"product_cat","embeddable":true,"href":"https:\/\/caballoregalado.com\/ca\/wp-json\/wp\/v2\/product_cat?post=7533"},{"taxonomy":"product_tag","embeddable":true,"href":"https:\/\/caballoregalado.com\/ca\/wp-json\/wp\/v2\/product_tag?post=7533"}],"curies":[{"name":"wp","href":"https:\/\/api.w.org\/{rel}","templated":true}]}}

<p><span style="color: #000000;"><span style="font-size: medium;">No és una exclamació qualsevol. Arquímedes va voler dir “¡ho he descobert!” (és clar que ell ho va dir en grec).<br />
I així es van anar succeint les sorpreses en la història de la humanitat gràcies a persones com en Nikola Tesla, en Copèrnic o en Leonardo da Vinci.<br />
Si vols conèixer els seus llegats i les seves extravagàncies, et convidem a que llegeixis part de la història dels invents i la seva cronologia època per època, fins arribar als nostres dies.<br />
Y potser, ben inspirat, pots continuar creant i sorprenent a la humanitat.</span></span></p>
<p>6 cm x 5 cm<br />
300 pàgines<br />
Tapa tova</p>

<p><span style="color: #000000;"><span style="font-size: medium;">A través de biografies i il·lustracions, et presentem una breu cronologia d’importants inventors i els seus invents.<br />
Què hagués estat de la humanitat si la primera roda no s’hagués posat a córrer? </span></span></p>
